{"id":35,"date":"2021-04-25T17:17:34","date_gmt":"2021-04-25T17:17:34","guid":{"rendered":"https:\/\/verschaffel.de\/?page_id=35"},"modified":"2021-04-28T10:04:14","modified_gmt":"2021-04-28T10:04:14","slug":"profil","status":"publish","type":"page","link":"https:\/\/verschaffel.de\/?page_id=35","title":{"rendered":"Profil"},"content":{"rendered":"<p style=\"line-height: 1.8;\"><strong>Profil<\/strong>\n<p style=\"line-height: 1.6;\">\n\u2022 Diplom-\u00dcbersetzerin Englisch\/Franz\u00f6sisch mit Diplom der &nbsp;&nbsp;Universit\u00e4t Heidelberg<\/br>\n\u2022 Erm\u00e4chtigte \u00dcbersetzerin beim OLG Hamm<\/br>\n\u2022 seit vielen Jahren als freiberufliche \u00dcbersetzerin t\u00e4tig<\/br>\n\u2022 Mitglied im Bundesverband der Dolmetscher und \u00dcbersetzer\n&nbsp;&nbsp;(BD\u00dc) \u2013 <a href=\"http:\/\/www.bdue.de\/\">www.BDUe.de<\/a><\/br><\/br>\nIch arbeite f\u00fcr viele namhafte Unternehmen, diverse \u00dcbersetzungsb\u00fcros und Privatkunden.\t\t\n\t\t\t\t\t\t\t\t\t\t\t\t\t\t\t<img width=\"300\" height=\"349\" src=\"https:\/\/verschaffel.de\/wp-content\/uploads\/2021\/04\/polaroids_birgid.png\" alt=\"\" loading=\"lazy\" srcset=\"https:\/\/verschaffel.de\/wp-content\/uploads\/2021\/04\/polaroids_birgid.png 300w, https:\/\/verschaffel.de\/wp-content\/uploads\/2021\/04\/polaroids_birgid-258x300.png 258w\" sizes=\"(max-width: 300px) 100vw, 300px\" \/>\t\t\t\t\t\t\t\t\t\t\t\t\t\t\t\n\t\t<p style=\"line-height: 1.8;\"><strong>Profil<\/strong><\/p>\n<ul style=\"padding-left: 15px; line-height: 1.4;\">\n \t<li>Diplom-\u00dcbersetzerin Englisch\/Franz\u00f6sisch mit Diplom der Universit\u00e4t Heidelberg<\/li>\n \t<li>Erm\u00e4chtigte \u00dcbersetzerin beim OLG Hamm<\/li>\n \t<li>seit vielen Jahren als freiberufliche \u00dcbersetzerin t\u00e4tig<\/li>\n \t<li>Mitglied im Bundesverband der Dolmetscher und \u00dcbersetzer\n(BD\u00dc) \u2013 <a href=\"http:\/\/www.bdue.de\/\">www.BDUe.de<\/a><\/li>\n<\/ul>\n<p style=\"line-height: 1.44;\">\n<p style=\"line-height: 1.44;\">\nIch arbeite f\u00fcr viele namhafte Unternehmen, diverse \u00dcbersetzungsb\u00fcros und Privatkunden.\t\t\n\t\t\t\t\t\t\t\t\t\t\t\t\t\t\t<img width=\"300\" height=\"349\" src=\"https:\/\/verschaffel.de\/wp-content\/uploads\/2021\/04\/polaroids_birgid-1.png\" alt=\"\" loading=\"lazy\" srcset=\"https:\/\/verschaffel.de\/wp-content\/uploads\/2021\/04\/polaroids_birgid-1.png 300w, https:\/\/verschaffel.de\/wp-content\/uploads\/2021\/04\/polaroids_birgid-1-258x300.png 258w\" sizes=\"(max-width: 300px) 100vw, 300px\" \/>","protected":false},"excerpt":{"rendered":"<p>Profil \u2022 Diplom-\u00dcbersetzerin Englisch\/Franz\u00f6sisch mit Diplom der &nbsp;&nbsp;Universit\u00e4t Heidelberg \u2022 Erm\u00e4chtigte \u00dcbersetzerin beim OLG Hamm \u2022 seit vielen Jahren als freiberufliche \u00dcbersetzerin t\u00e4tig \u2022 Mitglied im Bundesverband der Dolmetscher und \u00dcbersetzer &nbsp;&nbsp;(BD\u00dc) \u2013 www.BDUe.de Ich arbeite f\u00fcr viele namhafte Unternehmen, diverse \u00dcbersetzungsb\u00fcros und Privatkunden. Profil Diplom-\u00dcbersetzerin Englisch\/Franz\u00f6sisch mit Diplom der Universit\u00e4t Heidelberg Erm\u00e4chtigte \u00dcbersetzerin beim&hellip; <br \/> <a class=\"button small blue\" href=\"https:\/\/verschaffel.de\/?p=1\">Weiterlesen<\/a><\/p>\n","protected":false},"author":1,"featured_media":0,"parent":0,"menu_order":0,"comment_status":"closed","ping_status":"closed","template":"full-width-page.php","meta":[],"_links":{"self":[{"href":"https:\/\/verschaffel.de\/index.php?rest_route=\/wp\/v2\/pages\/35"}],"collection":[{"href":"https:\/\/verschaffel.de\/index.php?rest_route=\/wp\/v2\/pages"}],"about":[{"href":"https:\/\/verschaffel.de\/index.php?rest_route=\/wp\/v2\/types\/page"}],"author":[{"embeddable":true,"href":"https:\/\/verschaffel.de\/index.php?rest_route=\/wp\/v2\/users\/1"}],"replies":[{"embeddable":true,"href":"https:\/\/verschaffel.de\/index.php?rest_route=%2Fwp%2Fv2%2Fcomments&post=35"}],"version-history":[{"count":87,"href":"https:\/\/verschaffel.de\/index.php?rest_route=\/wp\/v2\/pages\/35\/revisions"}],"predecessor-version":[{"id":823,"href":"https:\/\/verschaffel.de\/index.php?rest_route=\/wp\/v2\/pages\/35\/revisions\/823"}],"wp:attachment":[{"href":"https:\/\/verschaffel.de\/index.php?rest_route=%2Fwp%2Fv2%2Fmedia&parent=35"}],"curies":[{"name":"wp","href":"https:\/\/api.w.org\/{rel}","templated":true}]}}