{"id":285,"date":"2021-04-25T20:02:52","date_gmt":"2021-04-25T20:02:52","guid":{"rendered":"https:\/\/verschaffel.de\/?page_id=285"},"modified":"2021-04-28T10:42:02","modified_gmt":"2021-04-28T10:42:02","slug":"mentions-legales","status":"publish","type":"page","link":"https:\/\/verschaffel.de\/?page_id=285&lang=fr","title":{"rendered":"Mentions l\u00e9gales"},"content":{"rendered":"\t\t<div data-elementor-type=\"wp-page\" data-elementor-id=\"285\" class=\"elementor elementor-285\">\n\t\t\t\t\t\t\t\t\t<section class=\"elementor-section elementor-top-section elementor-element elementor-element-6ec60b1 elementor-section-boxed elementor-section-height-default elementor-section-height-default\" data-id=\"6ec60b1\" data-element_type=\"section\" data-settings=\"{&quot;background_background&quot;:&quot;classic&quot;}\">\n\t\t\t\t\t\t<div class=\"elementor-container elementor-column-gap-default\">\n\t\t\t\t\t<div class=\"elementor-column elementor-col-100 elementor-top-column elementor-element elementor-element-ee9bed6\" data-id=\"ee9bed6\" data-element_type=\"column\">\n\t\t\t<div class=\"elementor-widget-wrap\">\n\t\t\t\t\t\t\t\t\t<\/div>\n\t\t<\/div>\n\t\t\t\t\t\t\t<\/div>\n\t\t<\/section>\n\t\t\t\t<section class=\"elementor-section elementor-top-section elementor-element elementor-element-0e15cc4 elementor-section-boxed elementor-section-height-default elementor-section-height-default\" data-id=\"0e15cc4\" data-element_type=\"section\">\n\t\t\t\t\t\t<div class=\"elementor-container elementor-column-gap-default\">\n\t\t\t\t\t<div class=\"elementor-column elementor-col-100 elementor-top-column elementor-element elementor-element-c1f7976\" data-id=\"c1f7976\" data-element_type=\"column\">\n\t\t\t<div class=\"elementor-widget-wrap elementor-element-populated\">\n\t\t\t\t\t\t\t\t<div class=\"elementor-element elementor-element-3908153 elementor-widget elementor-widget-spacer\" data-id=\"3908153\" data-element_type=\"widget\" data-widget_type=\"spacer.default\">\n\t\t\t\t<div class=\"elementor-widget-container\">\n\t\t\t\t\t<div class=\"elementor-spacer\">\n\t\t\t<div class=\"elementor-spacer-inner\"><\/div>\n\t\t<\/div>\n\t\t\t\t<\/div>\n\t\t\t\t<\/div>\n\t\t\t\t\t<\/div>\n\t\t<\/div>\n\t\t\t\t\t\t\t<\/div>\n\t\t<\/section>\n\t\t\t\t<section class=\"elementor-section elementor-top-section elementor-element elementor-element-70bf834 elementor-hidden-phone elementor-section-boxed elementor-section-height-default elementor-section-height-default\" data-id=\"70bf834\" data-element_type=\"section\">\n\t\t\t\t\t\t<div class=\"elementor-container elementor-column-gap-default\">\n\t\t\t\t\t<div class=\"elementor-column elementor-col-100 elementor-top-column elementor-element elementor-element-08b37c8\" data-id=\"08b37c8\" data-element_type=\"column\" data-settings=\"{&quot;background_background&quot;:&quot;classic&quot;}\">\n\t\t\t<div class=\"elementor-widget-wrap elementor-element-populated\">\n\t\t\t\t\t\t\t\t<div class=\"elementor-element elementor-element-03b4381 elementor-widget elementor-widget-text-editor\" data-id=\"03b4381\" data-element_type=\"widget\" data-widget_type=\"text-editor.default\">\n\t\t\t\t<div class=\"elementor-widget-container\">\n\t\t\t\t\t\t\t<p style=\"line-height: 1.42;\"><span style=\"color: #0000ff;\"><strong>Mentions l\u00e9gales<\/strong><\/br><\/br><\/span>Le site\u00a0<a href=\"http:\/\/www.verschaffel.de\/\"><strong>www.verschaffel.de<\/strong><\/a> est \u00e9dit\u00e9 par:<\/br><\/br>\nBirgid Verschaffel<\/br>\nRottlandweg 31<\/br>\nD-59494 Soest<\/br><\/br> T\u00e9l\u00e9phone: +49 2921 3699658<\/br>\nE-mail:\u00a0<a href=\"mailto:b.verschaffel@t-online.de\">b.verschaffel@t-online.de<\/a><\/br><\/br>\nNo. TVA DE 186133855\t\t\t\t\t\t<\/div>\n\t\t\t\t<\/div>\n\t\t\t\t<div class=\"elementor-element elementor-element-14d05c3 elementor-widget elementor-widget-spacer\" data-id=\"14d05c3\" data-element_type=\"widget\" data-widget_type=\"spacer.default\">\n\t\t\t\t<div class=\"elementor-widget-container\">\n\t\t\t\t\t<div class=\"elementor-spacer\">\n\t\t\t<div class=\"elementor-spacer-inner\"><\/div>\n\t\t<\/div>\n\t\t\t\t<\/div>\n\t\t\t\t<\/div>\n\t\t\t\t\t<\/div>\n\t\t<\/div>\n\t\t\t\t\t\t\t<\/div>\n\t\t<\/section>\n\t\t\t\t<section class=\"elementor-section elementor-top-section elementor-element elementor-element-4b36d7a elementor-section-stretched elementor-section-boxed elementor-section-height-default elementor-section-height-default\" data-id=\"4b36d7a\" data-element_type=\"section\" data-settings=\"{&quot;background_background&quot;:&quot;classic&quot;,&quot;stretch_section&quot;:&quot;section-stretched&quot;}\">\n\t\t\t\t\t\t<div class=\"elementor-container elementor-column-gap-default\">\n\t\t\t\t\t<div class=\"elementor-column elementor-col-100 elementor-top-column elementor-element elementor-element-337cc2f\" data-id=\"337cc2f\" data-element_type=\"column\">\n\t\t\t<div class=\"elementor-widget-wrap elementor-element-populated\">\n\t\t\t\t\t\t\t\t<div class=\"elementor-element elementor-element-a23709b elementor-hidden-desktop elementor-hidden-tablet elementor-widget elementor-widget-text-editor\" data-id=\"a23709b\" data-element_type=\"widget\" data-widget_type=\"text-editor.default\">\n\t\t\t\t<div class=\"elementor-widget-container\">\n\t\t\t\t\t\t\t<p style=\"line-height: 1.5;\"><span style=\"color: #0000ff;\"><strong>Mentions l\u00e9gales<\/strong><\/span><\/br><\/br>\nLe site \u00a0<a href=\"http:\/\/www.verschaffel.de\/\"><strong>www.verschaffel.de<\/strong><\/a> est \u00e9dit\u00e9 par:<\/br><\/br>\nBirgid Verschaffel<\/br>\nRottlandweg 31<\/br>\n\nD-59494 Soest<\/br><\/br>\n\nT\u00e9l\u00e9phone: +49 2921 3699658<\/br>\n\nE-Mail:\u00a0<a href=\"mailto:b.verschaffel@t-online.de\">b.verschaffel@t-online.de<\/a><\/br><\/br>\n\nNo. TVA DE 186133855\t\t\t\t\t\t<\/div>\n\t\t\t\t<\/div>\n\t\t\t\t\t<\/div>\n\t\t<\/div>\n\t\t\t\t\t\t\t<\/div>\n\t\t<\/section>\n\t\t\t\t<section class=\"elementor-section elementor-top-section elementor-element elementor-element-256e446 elementor-section-boxed elementor-section-height-default elementor-section-height-default\" data-id=\"256e446\" data-element_type=\"section\">\n\t\t\t\t\t\t<div class=\"elementor-container elementor-column-gap-default\">\n\t\t\t\t\t<div class=\"elementor-column elementor-col-100 elementor-top-column elementor-element elementor-element-b78c5a2\" data-id=\"b78c5a2\" data-element_type=\"column\">\n\t\t\t<div class=\"elementor-widget-wrap elementor-element-populated\">\n\t\t\t\t\t\t\t\t<div class=\"elementor-element elementor-element-9a02141 elementor-widget elementor-widget-spacer\" data-id=\"9a02141\" data-element_type=\"widget\" data-widget_type=\"spacer.default\">\n\t\t\t\t<div class=\"elementor-widget-container\">\n\t\t\t\t\t<div class=\"elementor-spacer\">\n\t\t\t<div class=\"elementor-spacer-inner\"><\/div>\n\t\t<\/div>\n\t\t\t\t<\/div>\n\t\t\t\t<\/div>\n\t\t\t\t\t<\/div>\n\t\t<\/div>\n\t\t\t\t\t\t\t<\/div>\n\t\t<\/section>\n\t\t\t\t\t\t\t<\/div>\n\t\t","protected":false},"excerpt":{"rendered":"<p>Mentions l\u00e9galesLe site\u00a0www.verschaffel.de est \u00e9dit\u00e9 par: Birgid Verschaffel Rottlandweg 31 D-59494 Soest T\u00e9l\u00e9phone: +49 2921 3699658 E-mail:\u00a0b.verschaffel@t-online.de No. TVA DE 186133855 Mentions l\u00e9gales Le site \u00a0www.verschaffel.de est \u00e9dit\u00e9 par: Birgid Verschaffel Rottlandweg 31 D-59494 Soest T\u00e9l\u00e9phone: +49 2921 3699658 E-Mail:\u00a0b.verschaffel@t-online.de No. TVA DE 186133855<\/p>\n","protected":false},"author":1,"featured_media":0,"parent":0,"menu_order":0,"comment_status":"closed","ping_status":"closed","template":"","meta":[],"_links":{"self":[{"href":"https:\/\/verschaffel.de\/index.php?rest_route=\/wp\/v2\/pages\/285"}],"collection":[{"href":"https:\/\/verschaffel.de\/index.php?rest_route=\/wp\/v2\/pages"}],"about":[{"href":"https:\/\/verschaffel.de\/index.php?rest_route=\/wp\/v2\/types\/page"}],"author":[{"embeddable":true,"href":"https:\/\/verschaffel.de\/index.php?rest_route=\/wp\/v2\/users\/1"}],"replies":[{"embeddable":true,"href":"https:\/\/verschaffel.de\/index.php?rest_route=%2Fwp%2Fv2%2Fcomments&post=285"}],"version-history":[{"count":34,"href":"https:\/\/verschaffel.de\/index.php?rest_route=\/wp\/v2\/pages\/285\/revisions"}],"predecessor-version":[{"id":860,"href":"https:\/\/verschaffel.de\/index.php?rest_route=\/wp\/v2\/pages\/285\/revisions\/860"}],"wp:attachment":[{"href":"https:\/\/verschaffel.de\/index.php?rest_route=%2Fwp%2Fv2%2Fmedia&parent=285"}],"curies":[{"name":"wp","href":"https:\/\/api.w.org\/{rel}","templated":true}]}}